{"id":220,"date":"2022-01-06T08:44:42","date_gmt":"2022-01-06T08:44:42","guid":{"rendered":"https:\/\/babyosteopathy.com\/?page_id=220"},"modified":"2022-01-06T10:31:24","modified_gmt":"2022-01-06T10:31:24","slug":"datenschutz","status":"publish","type":"page","link":"https:\/\/babyosteopathy.com\/?page_id=220","title":{"rendered":"Datenschutz"},"content":{"rendered":"\n<div class=\"wp-block-group has-background\" style=\"background-color:#f3e8eb\"><div class=\"wp-block-group__inner-container is-layout-flow wp-block-group-is-layout-flow\">\n<p class=\"has-black-color has-text-color\">Verantwortlich im Sinne des Datenschutzgesetzes:<\/p>\n\n\n\n<p class=\"has-black-color has-text-color\">Petra Mahl<br>Schneefernerstra\u00dfe 8b<br>86163 Augsburg<\/p>\n\n\n\n<h3 class=\"wp-block-heading\">Datenschutz<\/h3>\n\n\n\n<p class=\"has-black-color has-text-color\">Als Webseitenbetreiber nehmen wir den Schutz aller pers\u00f6nlichen Daten sehr ernst. Alle personenbezogenen Informationen werden vertraulich und gem\u00e4\u00df den gesetzlichen Vorschriften behandelt, wie in dieser Datenschutzerkl\u00e4rung erl\u00e4utert.<\/p>\n\n\n\n<p class=\"has-black-color has-text-color\">Unserer Webseite kann selbstverst\u00e4ndlich genutzt werden, ohne dass Sie pers\u00f6nliche Daten angeben. Wenn jedoch zu irgendeinem Zeitpunkt pers\u00f6nliche Daten wie z.B. Name, Adresse oder E-Mail abgefragt werden, wird dies auf freiwilliger Basis geschehen. Niemals werden von uns erhobene Daten ohne Ihre spezielle Genehmigung an Dritte weitergegeben.<\/p>\n\n\n\n<p class=\"has-black-color has-text-color\">Daten\u00fcbertragung im Internet, wie zum Beispiel \u00fcber E-Mail, kann immer Sicherheitsl\u00fccken aufweisen. Der komplette Schutz der Daten ist im Internet nicht m\u00f6glich.<\/p>\n\n\n\n<h3 class=\"wp-block-heading\">Datenschutzerkl\u00e4rung Google Analytics<\/h3>\n\n\n\n<p class=\"has-black-color has-text-color\">Unsere Website nutzt den Analysedienst Google Analytics, betrieben von Google Inc. 1600 Amphitheatre Parkway Mountain View, CA 94043, USA. Google Analytics nutzt \u201cCookies\u201d, das sind kleine Textdateien, die in Ihrem Browser gespeichert werden und die es erm\u00f6glichen, die Nutzung unserer Website durch die Besucher zu analysieren. Von den Cookies werden Daten \u00fcber Ihre Nutzung unserer Webseite gesammelt, die normalerweise an einen Google-Server in den USA \u00fcbertragen und gespeichert werden.<\/p>\n\n\n\n<p class=\"has-black-color has-text-color\">Wenn die IP-Anonymisierung auf unserer Webseite aktiviert wurde, wird Ihre IP-Adresse von Google innerhalb der Mitgliedstaaten der Europ\u00e4ischen Union oder in anderen Vertragsstaaten des Abkommens \u00fcber den Europ\u00e4ischen Wirtschaftsraum vorab gek\u00fcrzt. In seltenen Ausnahmef\u00e4llen kann die komplette IP-Adresse an einen Google Server in den USA \u00fcbertragen werden, dann wird diese dort gek\u00fcrzt. Google nutzt diese Daten in unserem Auftrag, um die Nutzung unserer Website auszuwerten, um Berichte \u00fcber die Webseitenaktivit\u00e4ten zu erstellen sowie um weitere Dienstleistungen anzubieten, die mit der Webseitennutzung und Internetnutzung zusammenh\u00e4ngen. Die von Google Analytics erfassten IP-Adressen werden nicht mit anderen Daten von Google korreliert.<\/p>\n\n\n\n<p class=\"has-black-color has-text-color\">Die Speicherung von Cookies kann durch eine spezielle Einstellung in Ihrem Browser verweigert werden. In diesem Fall ist jedoch die Funktionalit\u00e4t unserer Webseite im vollen Umfang nicht gew\u00e4hrleistet. Zus\u00e4tzlich steht ihnen ein Browser-Plugin zu Verf\u00fcgung, mit dem Sie die Sammlung der auf Ihre Nutzung der Website bezogenen erzeugten Daten und IP-Adressen durch Google verhindern k\u00f6nnen. Mehr Informationen dazu finden Sie hier: http:\/\/tools.google.com\/dlpage\/gaoptout?hl=de<\/p>\n\n\n\n<h3 class=\"wp-block-heading\">Auskunft, L\u00f6schung, Sperrung<\/h3>\n\n\n\n<p class=\"has-black-color has-text-color\">Zu jedem Zeitpunkt k\u00f6nnen Sie sich \u00fcber die personenbezogenen Daten, deren Herkunft und Empf\u00e4nger und den Nutzen der Datenverarbeitung informieren und unentgeltlich eine Korrektur, Sperrung oder L\u00f6schung dieser Daten verlangen. Bitte nutzen Sie daf\u00fcr die im Impressum angegebenen Kontaktwege. F\u00fcr weitere Fragen zum Thema stehen wir Ihnen ebenfalls jederzeit zur Verf\u00fcgung.<\/p>\n\n\n\n<h3 class=\"wp-block-heading\">Server-Log-Files<\/h3>\n\n\n\n<p class=\"has-black-color has-text-color\">Der Seiten-Provider erhebt und speichert automatisch Daten in Server-Log Files, die von Ihrem Browser an uns \u00fcbermittelt werden. Diese Daten enthalten:<\/p>\n\n\n\n<p class=\"has-black-color has-text-color\">\u2013 Browsertyp\/ Browserversion<\/p>\n\n\n\n<p class=\"has-black-color has-text-color\">\u2013 Betriebssystem des Rechners<\/p>\n\n\n\n<p class=\"has-black-color has-text-color\">\u2013 Referrer URL<\/p>\n\n\n\n<p class=\"has-black-color has-text-color\">\u2013 Hostname des zugreifenden Rechners<\/p>\n\n\n\n<p class=\"has-black-color has-text-color\">\u2013 Uhrzeit der Serveranfrage<\/p>\n\n\n\n<p class=\"has-black-color has-text-color\">Diese Daten sind nicht personenbezogen. Es erfolgt keine Zusammenf\u00fchrung dieser Daten mit anderen Datenquellen. Wenn uns konkrete Anhaltspunkte f\u00fcr eine rechtswidrige Nutzung bekannt werden behalten wir uns das Recht vor, diese Daten nachtr\u00e4glich zu \u00fcberpr\u00fcfen<\/p>\n\n\n\n<h3 class=\"wp-block-heading\">Cookies<\/h3>\n\n\n\n<p class=\"has-black-color has-text-color\">Viele Internetseiten verwenden Cookies. Cookies sind unsch\u00e4dlich f\u00fcr Ihren Rechner und virenfrei. Sie dienen dazu, Internet-Angebote f\u00fcr die Besucher einer&nbsp;<a rel=\"noreferrer noopener\" href=\"https:\/\/munchenfussballnews.de\/\" target=\"_blank\">Webseite<\/a> freundlicher, effektiver und sicherer zu machen. Cookies sind kleine Textdateien, die auf Ihrem Computer abgelegt werden und die Ihr Browser verwendet.<\/p>\n\n\n\n<p class=\"has-black-color has-text-color\">Wir verwenden in der Regel so genannte \u201eSession-Cookies\u201c. Diese werden nach Verlassen unserer Seite automatisch gel\u00f6scht. Andere Cookies bleiben auf Ihrem Computer gespeichert, bis Sie diese l\u00f6schen. Diese Cookies helfen dabei, Ihren Rechner beim n\u00e4chsten Besuch wiederzuerkennen.<\/p>\n\n\n\n<p class=\"has-black-color has-text-color\">\u00dcber die Browsereinstellungen k\u00f6nnen sie festlegen, dass Sie \u00fcber neue Cookies informiert werden und Cookies jeweils annehmen m\u00fcssen. Ebenso k\u00f6nnen Sie die Annahme von Cookies f\u00fcr bestimmte F\u00e4lle oder generell ausschlie\u00dfen oder das automatische L\u00f6schen der Cookies beim Schlie\u00dfen des Browser aktivieren. Werden Cookies desaktiviert, kann die Funktionalit\u00e4t unserer Website eingeschr\u00e4nkt sein.<\/p>\n\n\n\n<h3 class=\"wp-block-heading\">\u00c4nderung der Datenschutzbestimmungen<\/h3>\n\n\n\n<p class=\"has-black-color has-text-color\">Unsere Datenschutzerkl\u00e4rung k\u00f6nnen in unregelm\u00e4\u00dfigen Abst\u00e4nden angepasst werden, damit sie den aktuellen rechtlichen Anforderungen entsprechen oder um \u00c4nderungen unserer Dienstleistungen umzusetzen, z. B. bei der Einf\u00fcgung neuer Angebote. F\u00fcr Ihren n\u00e4chsten Besuch gilt dann automatisch die neue&nbsp;<a rel=\"noreferrer noopener\" href=\"https:\/\/xn--datenschutzerklrungmuster-zec.de\/was-ist-eine-datenschutzerklaerung\/\" target=\"_blank\"><strong>Datenschutzerkl\u00e4rung<\/strong><\/a>.<\/p>\n\n\n\n<h3 class=\"wp-block-heading\">Kontakt zum Datenschutzmitarbeiter<\/h3>\n\n\n\n<p class=\"has-black-color has-text-color\">F\u00fcr Fragen zum Datenschutz schicken Sie uns bitte eine Nachricht an contact@babyosteopathy.com mit dem Betreff \u201eDatenschutz\u201c.<\/p>\n<\/div><\/div>\n\n\n\n<p><\/p>\n","protected":false},"excerpt":{"rendered":"<p>Verantwortlich im Sinne des Datenschutzgesetzes: Petra MahlSchneefernerstra\u00dfe 8b86163 Augsburg Datenschutz Als Webseitenbetreiber nehmen wir den Schutz aller pers\u00f6nlichen Daten sehr ernst. Alle personenbezogenen Informationen werden vertraulich und gem\u00e4\u00df den gesetzlichen &hellip; <\/p>\n","protected":false},"author":1,"featured_media":0,"parent":0,"menu_order":0,"comment_status":"closed","ping_status":"closed","template":"","meta":{"footnotes":""},"class_list":["post-220","page","type-page","status-publish","hentry"],"_links":{"self":[{"href":"https:\/\/babyosteopathy.com\/index.php?rest_route=\/wp\/v2\/pages\/220","targetHints":{"allow":["GET"]}}],"collection":[{"href":"https:\/\/babyosteopathy.com\/index.php?rest_route=\/wp\/v2\/pages"}],"about":[{"href":"https:\/\/babyosteopathy.com\/index.php?rest_route=\/wp\/v2\/types\/page"}],"author":[{"embeddable":true,"href":"https:\/\/babyosteopathy.com\/index.php?rest_route=\/wp\/v2\/users\/1"}],"replies":[{"embeddable":true,"href":"https:\/\/babyosteopathy.com\/index.php?rest_route=%2Fwp%2Fv2%2Fcomments&post=220"}],"version-history":[{"count":3,"href":"https:\/\/babyosteopathy.com\/index.php?rest_route=\/wp\/v2\/pages\/220\/revisions"}],"predecessor-version":[{"id":272,"href":"https:\/\/babyosteopathy.com\/index.php?rest_route=\/wp\/v2\/pages\/220\/revisions\/272"}],"wp:attachment":[{"href":"https:\/\/babyosteopathy.com\/index.php?rest_route=%2Fwp%2Fv2%2Fmedia&parent=220"}],"curies":[{"name":"wp","href":"https:\/\/api.w.org\/{rel}","templated":true}]}}